{"id":190,"date":"2023-03-17T11:42:00","date_gmt":"2023-03-17T10:42:00","guid":{"rendered":"https:\/\/arboriculteurs-sarreguemines-neunkirch.fr\/?page_id=190"},"modified":"2023-05-17T17:47:55","modified_gmt":"2023-05-17T15:47:55","slug":"nichoirs","status":"publish","type":"page","link":"https:\/\/arboriculteurs-sarreguemines-neunkirch.fr\/index.php\/nichoirs\/","title":{"rendered":"Nichoirs"},"content":{"rendered":"\t\t<div data-elementor-type=\"wp-page\" data-elementor-id=\"190\" class=\"elementor elementor-190\">\n\t\t\t\t\t\t<section class=\"elementor-section elementor-top-section elementor-element elementor-element-447a958 elementor-section-boxed elementor-section-height-default elementor-section-height-default\" data-id=\"447a958\" data-element_type=\"section\" data-e-type=\"section\" data-settings=\"{&quot;background_background&quot;:&quot;classic&quot;}\">\n\t\t\t\t\t\t<div class=\"elementor-container elementor-column-gap-default\">\n\t\t\t\t\t<div class=\"elementor-column elementor-col-100 elementor-top-column elementor-element elementor-element-ae4d1f4\" data-id=\"ae4d1f4\" data-element_type=\"column\" data-e-type=\"column\">\n\t\t\t<div class=\"elementor-widget-wrap elementor-element-populated\">\n\t\t\t\t\t\t<div class=\"elementor-element elementor-element-d3f7095 elementor-widget elementor-widget-heading\" data-id=\"d3f7095\" data-element_type=\"widget\" data-e-type=\"widget\" data-widget_type=\"heading.default\">\n\t\t\t\t<div class=\"elementor-widget-container\">\n\t\t\t\t\t<h2 class=\"elementor-heading-title elementor-size-default\">Nichoirs<\/h2>\t\t\t\t<\/div>\n\t\t\t\t<\/div>\n\t\t\t\t\t<\/div>\n\t\t<\/div>\n\t\t\t\t\t<\/div>\n\t\t<\/section>\n\t\t\t\t<section class=\"elementor-section elementor-top-section elementor-element elementor-element-6e05bc1 elementor-section-boxed elementor-section-height-default elementor-section-height-default\" data-id=\"6e05bc1\" data-element_type=\"section\" data-e-type=\"section\">\n\t\t\t\t\t\t<div class=\"elementor-container elementor-column-gap-default\">\n\t\t\t\t\t<div class=\"elementor-column elementor-col-50 elementor-top-column elementor-element elementor-element-2098009\" data-id=\"2098009\" data-element_type=\"column\" data-e-type=\"column\">\n\t\t\t<div class=\"elementor-widget-wrap elementor-element-populated\">\n\t\t\t\t\t\t<div class=\"elementor-element elementor-element-5a36118 elementor-widget elementor-widget-image\" data-id=\"5a36118\" data-element_type=\"widget\" data-e-type=\"widget\" data-widget_type=\"image.default\">\n\t\t\t\t<div class=\"elementor-widget-container\">\n\t\t\t\t\t\t\t\t\t\t\t\t\t\t\t<img fetchpriority=\"high\" decoding=\"async\" width=\"490\" height=\"480\" src=\"https:\/\/arboriculteurs-sarreguemines-neunkirch.fr\/wp-content\/uploads\/2023\/03\/Nichoir.jpeg\" class=\"attachment-large size-large wp-image-192\" alt=\"\" srcset=\"https:\/\/arboriculteurs-sarreguemines-neunkirch.fr\/wp-content\/uploads\/2023\/03\/Nichoir.jpeg 490w, https:\/\/arboriculteurs-sarreguemines-neunkirch.fr\/wp-content\/uploads\/2023\/03\/Nichoir-300x294.jpeg 300w\" sizes=\"(max-width: 490px) 100vw, 490px\" \/>\t\t\t\t\t\t\t\t\t\t\t\t\t\t\t<\/div>\n\t\t\t\t<\/div>\n\t\t\t\t\t<\/div>\n\t\t<\/div>\n\t\t\t\t<div class=\"elementor-column elementor-col-50 elementor-top-column elementor-element elementor-element-2faa2c5\" data-id=\"2faa2c5\" data-element_type=\"column\" data-e-type=\"column\">\n\t\t\t<div class=\"elementor-widget-wrap elementor-element-populated\">\n\t\t\t\t\t\t<div class=\"elementor-element elementor-element-067ce78 elementor-widget elementor-widget-text-editor\" data-id=\"067ce78\" data-element_type=\"widget\" data-e-type=\"widget\" data-widget_type=\"text-editor.default\">\n\t\t\t\t<div class=\"elementor-widget-container\">\n\t\t\t\t\t\t\t\t\t<p>Ces nichoirs ont \u00e9t\u00e9 fabriqu\u00e9s par les arboriculteurs de Neunkirch sp\u00e9cialement pour abriter nos amis les m\u00e9sanges. Elles vont bien nous le rendre en luttant efficacement contre toutes sortes de chenilles ainsi que les fameuses chenilles processionnaires.<\/p><p>Vous pouvez soutenir notre association en commandant les nichoirs au prix de 15\u20ac. Appelez le Pr\u00e9sident ou le Tr\u00e9sorier pour plus de renseignements. Voir rubrique\u00a0<a href=\"https:\/\/arboriculteurs-sarreguemines-neunkirch.fr\/index.php\/comite\/\">Comit\u00e9<\/a><\/p><p>\u00a0<\/p>\t\t\t\t\t\t\t\t<\/div>\n\t\t\t\t<\/div>\n\t\t\t\t\t<\/div>\n\t\t<\/div>\n\t\t\t\t\t<\/div>\n\t\t<\/section>\n\t\t\t\t<section class=\"elementor-section elementor-top-section elementor-element elementor-element-7244036 elementor-section-boxed elementor-section-height-default elementor-section-height-default\" data-id=\"7244036\" data-element_type=\"section\" data-e-type=\"section\">\n\t\t\t\t\t\t<div class=\"elementor-container elementor-column-gap-default\">\n\t\t\t\t\t<div class=\"elementor-column elementor-col-100 elementor-top-column elementor-element elementor-element-de7391d\" data-id=\"de7391d\" data-element_type=\"column\" data-e-type=\"column\">\n\t\t\t<div class=\"elementor-widget-wrap elementor-element-populated\">\n\t\t\t\t\t\t<div class=\"elementor-element elementor-element-cc93a0c elementor-widget elementor-widget-heading\" data-id=\"cc93a0c\" data-element_type=\"widget\" data-e-type=\"widget\" data-widget_type=\"heading.default\">\n\t\t\t\t<div class=\"elementor-widget-container\">\n\t\t\t\t\t<h2 class=\"elementor-heading-title elementor-size-default\">A l'attention des sponsors<\/h2>\t\t\t\t<\/div>\n\t\t\t\t<\/div>\n\t\t\t\t\t<\/div>\n\t\t<\/div>\n\t\t\t\t\t<\/div>\n\t\t<\/section>\n\t\t\t\t<section class=\"elementor-section elementor-top-section elementor-element elementor-element-8f941b6 elementor-section-boxed elementor-section-height-default elementor-section-height-default\" data-id=\"8f941b6\" data-element_type=\"section\" data-e-type=\"section\">\n\t\t\t\t\t\t<div class=\"elementor-container elementor-column-gap-default\">\n\t\t\t\t\t<div class=\"elementor-column elementor-col-100 elementor-top-column elementor-element elementor-element-c930908\" data-id=\"c930908\" data-element_type=\"column\" data-e-type=\"column\">\n\t\t\t<div class=\"elementor-widget-wrap elementor-element-populated\">\n\t\t\t\t\t\t<div class=\"elementor-element elementor-element-5444e04 elementor-widget elementor-widget-text-editor\" data-id=\"5444e04\" data-element_type=\"widget\" data-e-type=\"widget\" data-widget_type=\"text-editor.default\">\n\t\t\t\t<div class=\"elementor-widget-container\">\n\t\t\t\t\t\t\t\t\t<p>Dans le cadre de la lutte contre la chenille processionnaire, notre association a d\u00e9cid\u00e9 de se lancer dans la fabrication de nichoirs \u00e0 m\u00e9sanges.<\/p><p>En effet, ces chenilles sont de redoutables pr\u00e9datrices que les m\u00e9sanges peuvent contribuer \u00e0 \u00e9radiquer de mani\u00e8re \u00e9cologique.<\/p><p>Ayant d\u00e9cid\u00e9 de fabriquer 50 \u00e0 100 nichoirs b\u00e9n\u00e9volement dans le cadre de ce projet, nous sommes \u00e0 la recherche de sponsors pour nous aider \u00e0 financer l\u2019achat du mat\u00e9riel destin\u00e9 \u00e0 la fabrication de ces nichoirs.<\/p><p>Une fois fabriqu\u00e9es, nous les remettrons aux mains du Club Vosgien, qui se chargera de les accrocher dans les for\u00eats autour de Sarreguemines.<\/p><p>Une r\u00e9ception officielle avec la presse sera organis\u00e9e avec tous les m\u00e9c\u00e8nes lors de ce transfert.<\/p><p>\u00a0<\/p><p>Le co\u00fbt moyen d\u2019un nichoir est de 15\u20ac pi\u00e8ce.<\/p><p>Il sera possible d\u2019obtenir un justificatif pour une r\u00e9duction d\u2019imp\u00f4ts \u00e0 hauteur de 60% pour les entreprises.<\/p><p>Souhaitant que vous soyez nombreux \u00e0 nous aider \u00e0 am\u00e9liorer notre cadre de vie, nous vous remercions de nous faire conna\u00eetre rapidement la hauteur de votre engagement pour ce projet.<\/p><p>Vous pouvez nous contacter :\u00a0<a href=\"arboriculteurs.de.neunkirch@gmail.com\">arboriculteurs.de.neunkirch@gmail.com<\/a><\/p>\t\t\t\t\t\t\t\t<\/div>\n\t\t\t\t<\/div>\n\t\t\t\t\t<\/div>\n\t\t<\/div>\n\t\t\t\t\t<\/div>\n\t\t<\/section>\n\t\t\t\t<section class=\"elementor-section elementor-top-section elementor-element elementor-element-12d9d80 elementor-section-boxed elementor-section-height-default elementor-section-height-default\" data-id=\"12d9d80\" data-element_type=\"section\" data-e-type=\"section\">\n\t\t\t\t\t\t<div class=\"elementor-container elementor-column-gap-default\">\n\t\t\t\t\t<div class=\"elementor-column elementor-col-100 elementor-top-column elementor-element elementor-element-51071b6\" data-id=\"51071b6\" data-element_type=\"column\" data-e-type=\"column\">\n\t\t\t<div class=\"elementor-widget-wrap elementor-element-populated\">\n\t\t\t\t\t\t<div class=\"elementor-element elementor-element-75c0761 elementor-widget elementor-widget-heading\" data-id=\"75c0761\" data-element_type=\"widget\" data-e-type=\"widget\" data-widget_type=\"heading.default\">\n\t\t\t\t<div class=\"elementor-widget-container\">\n\t\t\t\t\t<h2 class=\"elementor-heading-title elementor-size-default\"><p class=\"MsoNormal\" align=\"center\" style=\"text-align:center\"><b><i><u><span style=\"font-size:36.0pt;line-height:107%\">NOTICE pour les nichoirs \u00e0 m\u00e9sanges<\/span><\/u><\/i><\/b><\/p>\n\n<\/h2>\t\t\t\t<\/div>\n\t\t\t\t<\/div>\n\t\t\t\t\t<\/div>\n\t\t<\/div>\n\t\t\t\t\t<\/div>\n\t\t<\/section>\n\t\t\t\t<section class=\"elementor-section elementor-top-section elementor-element elementor-element-d76a0a2 elementor-section-boxed elementor-section-height-default elementor-section-height-default\" data-id=\"d76a0a2\" data-element_type=\"section\" data-e-type=\"section\">\n\t\t\t\t\t\t<div class=\"elementor-container elementor-column-gap-default\">\n\t\t\t\t\t<div class=\"elementor-column elementor-col-100 elementor-top-column elementor-element elementor-element-9d41887\" data-id=\"9d41887\" data-element_type=\"column\" data-e-type=\"column\">\n\t\t\t<div class=\"elementor-widget-wrap elementor-element-populated\">\n\t\t\t\t\t\t<div class=\"elementor-element elementor-element-f25daf1 elementor-widget elementor-widget-text-editor\" data-id=\"f25daf1\" data-element_type=\"widget\" data-e-type=\"widget\" data-widget_type=\"text-editor.default\">\n\t\t\t\t<div class=\"elementor-widget-container\">\n\t\t\t\t\t\t\t\t\t<p>Afin de lutter contre les chenilles processionnaires qui colonisent les ch\u00eanes, la m\u00e9sange est la mangeuse de chenilles processionnaires par excellence, avec une consommation familiale de 300 \u00e0 500 chenilles par jour.<\/p><p>\u00a0<\/p><h5><u><b>Ci-apr\u00e8s quelques conseils de mise en place :<\/b><\/u><\/h5><p>Fixer les nichoirs sur un support \u00e0 une hauteur d&rsquo;environ 3 m\u00e8tres du sol.<\/p><p>L\u2019entr\u00e9e doit \u00eatre expos\u00e9e vers le soleil levant (ou sud-est), \u00e0 l&rsquo;abri des vents dominants et de la pluie (le soleil du matin est moins chaud que l&rsquo;apr\u00e8s-midi). Une chaleur trop \u00e9lev\u00e9e peut tuer les oiseaux.<\/p><p>Il a \u00e9t\u00e9 constat\u00e9 que des nichoirs mal orient\u00e9s ne sont utilis\u00e9s qu&rsquo;\u00e0 50 %.<\/p><p>A noter que les nichoirs restent tout au long de l&rsquo;ann\u00e9e des abris \u00e0 oiseaux contre pluie, vent, temp\u00eate ou soleil. Il a d\u00e9j\u00e0 \u00e9t\u00e9 relev\u00e9 jusqu&rsquo;\u00e0 4 oiseaux par nid lors de mauvaises conditions m\u00e9t\u00e9orologiques.<\/p><p>V\u00e9rifiez aussi le syst\u00e8me d&rsquo;accroche du nichoir. R\u00e9sistera-t-il au poids d&rsquo;un pr\u00e9dateur \u00e9ventuel qui serait un peu trop curieux ? En effet, certains pr\u00e9dateurs peuvent essayer de faire tomber le nichoir, l&rsquo;accroche doit donc \u00eatre r\u00e9sistante.<\/p><p>\u00a0<\/p><h5><b><u>FEVRIER\u00a0:<\/u><\/b><\/h5><p>Si vous avez achet\u00e9 un nichoir, ne tardez pas \u00e0 l\u2019installer, les oiseaux vont commencer \u00e0 partir \u00e0 la chasse aux bonnes places. Laissez TOUJOURS le nichoir VIDE : ne pas mettre de paille ou de sciure.\u00a0PAS DE NOURRITURE.<\/p><h5><b><u>DEBUT MARS\u00a0:<\/u><\/b><\/h5><p>Ne touchez plus \u00e0 rien\u00a0: les oiseaux ont peut-\u00eatre s\u00e9lectionn\u00e9 votre nichoir<\/p><p>Attention, ne jamais ouvrir un nichoir lorsqu&rsquo;une famille est install\u00e9e ! Il y a d&rsquo;abord la fabrication du nid (beaucoup d&rsquo;allers-retours), la couvaison (grand calme \/ 13-14 jours), puis la nich\u00e9e qui donne un\u00a0mouvement incessant de rentr\u00e9es et sorties\u00a0de la part des parents nourrisseurs (18-20 jours).<\/p><p>Il faut attendre le d\u00e9part des oisillons pour ouvrir le nichoir !\u00a0Guettez de loin\u00a0: sans allers\/retours et sans piaillements, vous pouvez l&rsquo;ouvrir d\u00e9licatement.<\/p><p>Pour vous rassurer : les oisillons, une fois envol\u00e9s, ne retournent plus dans le nid.<\/p><h5><b><u>MAI : LES OISILLONS VIENNENT DE S&rsquo;ENVOLER &#8211; QUE DOIS-JE FAIRE ?<\/u><\/b><\/h5><p>Le nid est tout beau tout propre !<\/p><p>Si les parents ont eu leurs petits t\u00f4t dans la saison, ils auront peut-\u00eatre une\u00a0deuxi\u00e8me nich\u00e9e\u00a0(entre avril et juillet). Si le nid est propre et sain, il ne faut rien toucher, les parents reviendront&#8230; peut-\u00eatre&#8230;<\/p><p>\u00a0<\/p><p>Il reste un \u0153uf.<\/p><p>Si le nid est propre, vous devez enlever l&rsquo;\u0153uf et laisser le nid tel quel dans le nichoir, les parents reviendront&#8230; peut-\u00eatre&#8230;<\/p><p>Il y a des insectes dans le nichoir ! et\/ou un oisillon mort.<\/p><p>La nature a fait son travail et l&rsquo;oisillon ne devait pas \u00eatre viable ! Le nichoir est l&rsquo;habitat pr\u00e9f\u00e9r\u00e9 des insectes et perce-oreilles ! Si le nid a des insectes ou bien s&rsquo;il est humide, bref, si vous le trouvez \u00ab\u00a0pollu\u00e9\u00a0\u00bb,\u00a0alors n&rsquo;h\u00e9sitez pas : jetez-le\u00a0! les oiseaux aiment le confort et la propret\u00e9, ils pr\u00e9f\u00e8reront d\u00e9m\u00e9nager ou refaire un nid ! nettoyez bien l&rsquo;int\u00e9rieur du nichoir en suivant les conseils ci-dessous.<\/p><h5><b><u>JUIN-JUILLET-AOUT : NE PAS TOUCHER<\/u><\/b><\/h5><p>Il y aura peut-\u00eatre une 2\u00e8me nich\u00e9e, voir une 3\u00e8me si vous \u00eates chanceux !<\/p><p>SEPTEMBRE : LE GRAND NETTOYAGE<\/p><p>Il n\u2019y aura plus de nich\u00e9e avant le printemps prochain.\u00a0On enl\u00e8ve le nid\u00a0et on en profite pour admirer le travail car un nid est le r\u00e9sultat de centaines d&rsquo;allers-retours\u00a0le bec charg\u00e9 de mousse, de plumes, de brindilles&#8230;<\/p><h5><u>OCTOBRE &#8211; JANVIER : RAS<\/u><\/h5><p>Vacances\u00a0! Rien \u00e0 faire de particulier. Le nichoir servira peut-\u00eatre \u00e0 des oiseaux, des insectes ou des petits rongeurs pour s\u2019abriter de la pluie ou du froid.<\/p><h5><b><u>FEVRIER : 2\u00e8me GRAND NETTOYAGE &#8211; LE PLUS IMPORTANT de l&rsquo;ANNEE<\/u><\/b><\/h5><p>Les oiseaux rep\u00e8rent les logements disponibles pendant tout l&rsquo;hiver, mais la recherche s&rsquo;intensifie \u00e0 partir du mois de f\u00e9vrier, d&rsquo;o\u00f9 l&rsquo;importance de\u00a0remettre le nichoir au propre \u00e0 cette p\u00e9riode. Durant l\u2019hiver, le nichoir peut servir d\u2019abri \u00e0 des oiseaux, insectes et petits rongeurs qui laisseront quelques marques ind\u00e9sirables de leur passage (fientes&#8230;). Si vous voulez avoir toutes les chances de voir votre nichoir occup\u00e9, retroussez-vous les manches !<\/p><p>Comment nettoyer le nichoir ?<\/p><p>C\u2019est vraiment utile de nettoyer un nichoir car un bon nettoyage peut limiter ou arr\u00eater la prolif\u00e9ration de parasites ou d\u2019agents pathog\u00e8nes, mais surtout, les parents installent leur nich\u00e9e dans un endroit propre, il faut donc le d\u00e9barrasser des fientes, du nid, ou des plumes.<\/p><p>D\u00e9crochez le nichoir. Pour un nichoir classique, l\u2019ouverture par l\u2019avant vous donne une visibilit\u00e9 sur tout l\u2019int\u00e9rieur du nichoir.<\/p><p>Videz le nichoir. M\u00eame s\u2019il est beau et tellement bien fait, il vaut mieux enlever le nid pr\u00e9c\u00e9dent**. Les m\u00e9sanges (notamment) pourraient reconstruire un nid au-dessus du premier et prendre le risque de mettre leurs petits plus haut, donc plus pr\u00e8s de la sortie. Un risque de chute pour les petits et une chance pour les pr\u00e9dateurs\u2026<\/p><p>Nettoyez l\u2019int\u00e9rieur\u00a0\u00e0 la brosse avec du vinaigre m\u00e9nager (ou de l\u2019eau bouillante) ou un peu d\u2019eau de javel si le nichoir semble avoir \u00e9t\u00e9 occup\u00e9 par des rongeurs (dans ce cas rincez minutieusement). Vous pouvez utiliser de l\u2019huile essentielle de thym qui est un tr\u00e8s bon d\u00e9sinfectant.<\/p><p>D\u00e9bouchez les petits trous\u00a0d\u2019\u00e9vacuation d\u2019eau.<\/p><p>Laissez s\u00e9cher\u00a0\u00e0 l\u2019air libre et au soleil avant de refermer et raccrocher le nichoir<\/p>\t\t\t\t\t\t\t\t<\/div>\n\t\t\t\t<\/div>\n\t\t\t\t\t<\/div>\n\t\t<\/div>\n\t\t\t\t\t<\/div>\n\t\t<\/section>\n\t\t\t\t<\/div>\n\t\t","protected":false},"excerpt":{"rendered":"<p>Nichoirs Ces nichoirs ont \u00e9t\u00e9 fabriqu\u00e9s par les arboriculteurs de Neunkirch sp\u00e9cialement pour abriter nos amis les m\u00e9sanges. Elles vont bien nous le rendre en luttant efficacement contre toutes sortes de chenilles ainsi que les fameuses chenilles processionnaires. Vous pouvez soutenir notre association en commandant les nichoirs au prix de 15\u20ac. Appelez le Pr\u00e9sident ou &hellip;<\/p>\n<p class=\"read-more\"> <a class=\"\" href=\"https:\/\/arboriculteurs-sarreguemines-neunkirch.fr\/index.php\/nichoirs\/\"> <span class=\"screen-reader-text\">Nichoirs<\/span> Lire la suite\u00a0\u00bb<\/a><\/p>\n","protected":false},"author":1,"featured_media":0,"parent":0,"menu_order":0,"comment_status":"closed","ping_status":"closed","template":"","meta":{"_eb_attr":"","site-sidebar-layout":"no-sidebar","site-content-layout":"page-builder","ast-global-header-display":"","ast-main-header-display":"","ast-hfb-above-header-display":"","ast-hfb-below-header-display":"","ast-hfb-mobile-header-display":"","site-post-title":"disabled","ast-breadcrumbs-content":"","ast-featured-img":"disabled","footer-sml-layout":"","theme-transparent-header-meta":"","adv-header-id-meta":"","stick-header-meta":"","header-above-stick-meta":"","header-main-stick-meta":"","header-below-stick-meta":"","footnotes":""},"class_list":["post-190","page","type-page","status-publish","hentry"],"_links":{"self":[{"href":"https:\/\/arboriculteurs-sarreguemines-neunkirch.fr\/index.php\/wp-json\/wp\/v2\/pages\/190","targetHints":{"allow":["GET"]}}],"collection":[{"href":"https:\/\/arboriculteurs-sarreguemines-neunkirch.fr\/index.php\/wp-json\/wp\/v2\/pages"}],"about":[{"href":"https:\/\/arboriculteurs-sarreguemines-neunkirch.fr\/index.php\/wp-json\/wp\/v2\/types\/page"}],"author":[{"embeddable":true,"href":"https:\/\/arboriculteurs-sarreguemines-neunkirch.fr\/index.php\/wp-json\/wp\/v2\/users\/1"}],"replies":[{"embeddable":true,"href":"https:\/\/arboriculteurs-sarreguemines-neunkirch.fr\/index.php\/wp-json\/wp\/v2\/comments?post=190"}],"version-history":[{"count":16,"href":"https:\/\/arboriculteurs-sarreguemines-neunkirch.fr\/index.php\/wp-json\/wp\/v2\/pages\/190\/revisions"}],"predecessor-version":[{"id":375,"href":"https:\/\/arboriculteurs-sarreguemines-neunkirch.fr\/index.php\/wp-json\/wp\/v2\/pages\/190\/revisions\/375"}],"wp:attachment":[{"href":"https:\/\/arboriculteurs-sarreguemines-neunkirch.fr\/index.php\/wp-json\/wp\/v2\/media?parent=190"}],"curies":[{"name":"wp","href":"https:\/\/api.w.org\/{rel}","templated":true}]}}